{"id":2619,"date":"2022-12-06T09:43:48","date_gmt":"2022-12-06T08:43:48","guid":{"rendered":"https:\/\/www.stiftung-mensch-und-tier.ch\/erlebnisse\/"},"modified":"2023-12-08T09:48:47","modified_gmt":"2023-12-08T08:48:47","slug":"erlebnisse","status":"publish","type":"page","link":"https:\/\/www.stiftung-mensch-und-tier.ch\/fr\/erlebnisse\/","title":{"rendered":"Aventures"},"content":{"rendered":"<section class=\"block-8-bild-neben-text\" style=\" padding-top: rem; padding-bottom: 3rem;\">\n\t\t<div class=\"container\">\n\t\t<div class=\"flexRow\">\n\t\t\t<div class=\"col-xs-12 col-sm-5  maToXS3 col-sm-offset-1 \">\n\t\t\t\t<h3>Nos exp\u00e9riences<\/h3>\n<p>Nous aimerions partager ici, avec vous, des exp\u00e9riences passionnantes r\u00e9alis\u00e9es avec les animaux dans notre \u00c9cole \u00e9thique! Christine R\u00fcedi, directrice de l\u2019\u00c9cole \u00e9thique, d\u00e9crit ici ces \u00e9v\u00e9nements:<\/p>\n<p><em>Je pense que nous connaissons encore tr\u00e8s peu les animaux et nous avons une compr\u00e9hension tr\u00e8s limit\u00e9e de leurs v\u00e9ritables caract\u00e9ristiques et capacit\u00e9s. Cela s\u2019applique \u00e9galement \u00e0 moi-m\u00eame, bien que je m\u2019occupe activement des animaux depuis mon enfance, y compris professionnellement (\u00e9levage et dressage de chiens guides d\u2019aveugles). Vous comprendrez ce que je veux dire par l\u00e0, ch\u00e8re visiteuse, cher visiteur de cette page d\u2019&#8217;accueil, \u00e0 la lecture des reportages suivants, qui me passionnent et me font prendre conscience de mon ignorance.<\/em><\/p>\n<p>&nbsp;<\/p>\n\t\t\t<\/div>\n\t\t\t<div class=\"col-xs-12 col-sm-5  order1xs\">\n\t\t\t\t\t\t\t\t<img decoding=\"async\" src=\"https:\/\/www.stiftung-mensch-und-tier.ch\/wp-content\/uploads\/2022\/11\/Pig-im-Schlamm-quer-991x743.jpg\" alt=\"\">\n\t\t\t<\/div>\n\t\t<\/div>\n\t<\/div>\n<\/section>\n\n\n \n<section class=\"block-5-freier-text\" style=\" margin-top: 3rem; margin-bottom: 3rem;\">\n\t\t<div class=\"container\">\n\t\t<div class=\"row\">\n\t\t\t<div class=\"col-xs-12 col-md-10 col-md-offset-1\">\n\t\t\t\t<div class=\"textWrap\">\n\t\t\t\t\t<h3>La souris et Piggi l\u2019\u00e9talon mourant<\/h3>\n<p>Quand je pense \u00e0 Piggi et \u00e0 la souris, je suis triste parce que le moment a \u00e9t\u00e9 dramatique. Piggi, notre v\u00e9t\u00e9ran de 31 ans, gravement malade, \u00e9tait en train de mourir. Le v\u00e9t\u00e9rinaire lui avait fait une piq\u00fbre pour l\u2019endormir. Nous nous sommes agenouill\u00e9s \u00e0 c\u00f4t\u00e9 de Piggi pour l\u2019accompagner dans ce moment difficile. Et puis, l\u2019incroyable s\u2019est produit: la souris qui partageait le box avec Piggi et mangeait dans sa mangeoire, est sortie de derri\u00e8re la planche en bois de l\u2019\u00e9curie et a couru entre Piggi et nous jusqu\u2019&#8217;au ventre du gros animal mourant. L\u00e0, elle s\u2019est dress\u00e9e sur ses pattes arri\u00e8re, le regardant et le reniflant avec excitation. Elle a d\u00fb se rendre compte qu\u2019\u00e0 ce moment-l\u00e0, quelque chose d\u2019extraordinaire arrivait \u00e0 son compagnon d\u2019\u00e9curie. La relation entre les deux animaux \u00e9tait apparemment si intense, que la souris a per\u00e7u la mort de Piggi dans sa cachette. Qu\u2019elle ait compl\u00e8tement oubli\u00e9 sa grande timidit\u00e9 envers les humains montre \u00e0 quel point son v\u00e9cu \u00e9tait intense.<\/p>\n\t\t\t\t<\/div>\n\t\t\t<\/div>\n\t\t<\/div>\n\t<\/div>\n<\/section>\n\n\n<section class=\"block-8-bild-neben-text\" style=\" padding-top: 3rem; padding-bottom: 1rem;\">\n\t\t<div class=\"container\">\n\t\t<div class=\"flexRow\">\n\t\t\t<div class=\"col-xs-12 col-sm-5 col-md-7 maToXS3 order2sm order2md\">\n\t\t\t\t<h3>Petit Prince, l\u2019\u00e2non<\/h3>\n<p>Notre \u00e2ne Petit Prince, un poulain orphelin de m\u00e8re, est arriv\u00e9 chez nous \u00e0 l\u2019\u00e2ge de 10 jours. \u00c0 cette \u00e9poque je dormais \u00e0 l\u2019\u00c9cole \u00e9thique \u2013 la nuit non plus, on ne laisse pas les animaux seuls. Pour que Petit Prince ne soit pas isol\u00e9 dans son box pendant la p\u00e9riode d\u2019adaptation, j\u2019ai pass\u00e9 la nuit avec lui. Mon premier acte du matin \u00e9tait de donner son lait sp\u00e9cial \u00e0 l\u2019&#8217;\u00e2non. Petit Prince s\u2019&#8217;est magnifiquement d\u00e9velopp\u00e9.<\/p>\n<p>&nbsp;<\/p>\n\t\t\t<\/div>\n\t\t\t<div class=\"col-xs-12 col-sm-5 col-md-3 order1xs order1sm order1md col-sm-offset-1\">\n\t\t\t\t\t\t\t\t<img decoding=\"async\" src=\"https:\/\/www.stiftung-mensch-und-tier.ch\/wp-content\/uploads\/2023\/01\/Pflege-Petit-991x744.jpg\" alt=\"\">\n\t\t\t<\/div>\n\t\t<\/div>\n\t<\/div>\n<\/section>\n\n\n \n<section class=\"block-5-freier-text\" style=\" margin-top: 1rem; margin-bottom: 3rem;\">\n\t\t<div class=\"container\">\n\t\t<div class=\"row\">\n\t\t\t<div class=\"col-xs-12 col-md-10 col-md-offset-1\">\n\t\t\t\t<div class=\"textWrap\">\n\t\t\t\t\t<p>Au bout de quelques semaines, j\u2019ai \u00e0 nouveau dormi dans la maison. Et puis, il s\u2019est pass\u00e9 quelque chose d\u2019&#8217;\u00e9trange: je fais partie de ces gens qui \u00abr\u00e9fl\u00e9chissent \u00e0 deux fois\u00bb avant de se lever, c\u2019est-\u00e0-dire que je ne me l\u00e8ve pas toujours d\u2019un coup! Mais \u00e0 chaque fois que je d\u00e9cidais de me lever et de m\u2019asseoir dans mon lit, Petit Prince criait depuis son box d\u2019une voix puissante! C\u2019\u00e9tait fascinant de voir la fa\u00e7on dont il pouvait percevoir \u00e0 distance, sans aucun signe ni odeur de ma part, ma d\u00e9cision de me lever et de lui apporter son lait. Il doit exister un mode de communication entre les animaux et les humains qui ont une relation intense, ne passant pas par les organes sensoriels habituels.<\/p>\n<p>Ce ph\u00e9nom\u00e8ne (champs morphog\u00e9n\u00e9tiques) est actuellement \u00e9tudi\u00e9 par le biologiste et biochimiste Rupert Sheldrake.<\/p>\n\t\t\t\t<\/div>\n\t\t\t<\/div>\n\t\t<\/div>\n\t<\/div>\n<\/section>\n\n\n \n<section class=\"block-5-freier-text\" style=\" margin-top: 3rem; margin-bottom: 3rem;\">\n\t\t<div class=\"container\">\n\t\t<div class=\"row\">\n\t\t\t<div class=\"col-xs-12 col-md-10 col-md-offset-1\">\n\t\t\t\t<div class=\"textWrap\">\n\t\t\t\t\t<h3>L\u2019\u00e9trange \u00absauvetage\u00bb d\u2019une souris<\/h3>\n<p>Voici une autre histoire v\u00e9ridique, celle d\u2019une souris. Si je ne l\u2019avais pas v\u00e9cue moi-m\u00eame, j\u2019aurais eu du mal \u00e0 y croire! \u00c0 travers une grille de sol, j\u2019&#8217;ai vu une souris dans la fosse devant la fen\u00eatre du sous-sol. Il \u00e9tait \u00e9vident que je devais la lib\u00e9rer, car elle ne survivrait pas. Munie d\u2019&#8217;un seau et d\u2019&#8217;un torchon, je me suis rendue au sous-sol. Mais la souris n\u2019y \u00e9tait plus, elle avait p\u00e9n\u00e9tr\u00e9 dans la cave par le soupirail. Je restais l\u00e0 \u00e0 r\u00e9fl\u00e9chir. Alors la souris est ressortie et, d\u2019abord avec h\u00e9sitation, puis r\u00e9solument, s\u2019est dirig\u00e9e vers moi. Elle s\u2019est approch\u00e9e de ma chaussure et l\u2019a intens\u00e9ment renifl\u00e9e. J\u2019ai pens\u00e9: si toi, souris, tu t\u2019asseyais sur ma chaussure, je pourrais lever mon pied et te mettre dans le seau! Et j\u2019ai encore du mal \u00e0 y croire: c\u2019est exactement ce que la souris a fait! Elle s\u2019est assise sur ma chaussure et a commenc\u00e9 \u00e0 se nettoyer. J\u2019\u00e9tais d\u2019abord comme fig\u00e9e, puis j\u2019ai essay\u00e9 de la soulever pour la mettre dans le seau. Et \u00e7a a march\u00e9! J\u2019ai pu ensuite lib\u00e9rer la souris. Cet \u00e9v\u00e9nement me semble aujourd\u2019hui encore irr\u00e9el \u2013- mais c\u2019est la r\u00e9alit\u00e9!<\/p>\n\t\t\t\t<\/div>\n\t\t\t<\/div>\n\t\t<\/div>\n\t<\/div>\n<\/section>\n\n\n<section class=\"block-8-bild-neben-text\" style=\" padding-top: 3rem; padding-bottom: 0rem;\">\n\t\t<div class=\"container\">\n\t\t<div class=\"flexRow\">\n\t\t\t<div class=\"col-xs-12 col-sm-5  maToXS3 col-sm-offset-1 \">\n\t\t\t\t<h3><em>Shalom<\/em> signifie la paix<\/h3>\n<p>Une enseignante d\u00e9vou\u00e9e est venue dans notre \u00c9cole \u00e9thique avec une classe lucernoise pendant une semaine. Chaque enfant a eu \u00e0 faire quotidiennement une t\u00e2che sp\u00e9cifique entre les cours. Les t\u00e2ches ont \u00e9t\u00e9 attribu\u00e9es par tirage au sort. Une fillette a eu le devoir suivant: \u00abL\u2019\u00c9cole \u00e9thique poss\u00e8de une poule blanche qui est la seule \u00e0 n\u2019avoir pas de nom. Il s\u2019agit, avec toute la classe, de se mettre d\u2019accord sur un joli nom!\u00bb<\/p>\n<p>Le dernier jour de classe est arriv\u00e9 et donc le moment o\u00f9 la fillette devait s\u2019acquitter de sa mission. Nous \u00e9tions curieux. La fillette me donna un panneau en bois. Il \u00e9tait emball\u00e9 dans du papier blanc, et plusieurs enveloppes \u00e9taient attach\u00e9s \u00e0 une ficelle. Il y avait \u00e0 l\u2019int\u00e9rieur des dessins et un mot de remerciement pour la formidable semaine que nous avions pass\u00e9e ensemble.<\/p>\n<p>&nbsp;<\/p>\n\t\t\t<\/div>\n\t\t\t<div class=\"col-xs-12 col-sm-5  order1xs\">\n\t\t\t\t\t\t\t\t<img decoding=\"async\" src=\"https:\/\/www.stiftung-mensch-und-tier.ch\/wp-content\/uploads\/2022\/10\/Oscar-im-Stroh-liegend-2019-1024x768-1-991x743.webp\" alt=\"\">\n\t\t\t<\/div>\n\t\t<\/div>\n\t<\/div>\n<\/section>\n\n\n \n<section class=\"block-5-freier-text\" style=\" margin-top: 0rem; margin-bottom: rem;\">\n\t\t<div class=\"container\">\n\t\t<div class=\"row\">\n\t\t\t<div class=\"col-xs-12 col-md-10 col-md-offset-1\">\n\t\t\t\t<div class=\"textWrap\">\n\t\t\t\t\t<p>Il \u00e9tait maintenant temps de d\u00e9baller le panneau en bois. Puisqu\u2019il s\u2019agissait de la poule, j\u2019ai propos\u00e9 d\u2019aller au poulailler. Prudemment, presque solennellement, les filles et les gar\u00e7ons se sont rendus sur place et nous avons form\u00e9 un cercle. Toutes les poules sont rest\u00e9es devant le poulailler.<\/p>\n<p>Et la voil\u00e0 qui est venue! La jeune poule blanche comme neige, qui n\u2019&#8217;avait pas encore de nom! Manifestement tr\u00e8s contente d\u2019elle-m\u00eame, elle a travers\u00e9 le cercle, se dirigeant droit vers le panneau. Elle a observ\u00e9 le d\u00e9ballage avec int\u00e9r\u00eat. Un moment incroyable \u2013 nous \u00e9tions tous saisis par quelque chose d\u2019impressionnant, d\u2019inexplicable.<\/p>\n<p>La poule a pris son temps et a continu\u00e9 \u00e0 fixer le panneau. Et voil\u00e0, le nom: Shalom! Nous voulions tous nous attarder sur ce merveilleux moment! Les enfants avaient \u00e0 nouveau invent\u00e9 quelque chose de tr\u00e8s joli. Puis ils ont chant\u00e9 pour Shalom la chanson \u00e9ponyme, doucement et solennellement.<\/p>\n<p>Il a fallu ensuite se d\u00e9cider \u00e0 retourner au \u00abquotidien\u00bb! Les autres poules sont revenues \u2013 et Shalom a continu\u00e9 son chemin!<\/p>\n<p>Les enfants ont justifi\u00e9 le choix de ce nom comme suit: la poule est blanche, et le blanc signifie paix. Et Shalom signifie la paix!<\/p>\n\t\t\t\t<\/div>\n\t\t\t<\/div>\n\t\t<\/div>\n\t<\/div>\n<\/section>\n","protected":false},"excerpt":{"rendered":"","protected":false},"author":2,"featured_media":0,"parent":0,"menu_order":0,"comment_status":"closed","ping_status":"closed","template":"","meta":{"_acf_changed":false,"inline_featured_image":false,"footnotes":""},"class_list":["post-2619","page","type-page","status-publish","hentry"],"acf":[],"_links":{"self":[{"href":"https:\/\/www.stiftung-mensch-und-tier.ch\/fr\/wp-json\/wp\/v2\/pages\/2619","targetHints":{"allow":["GET"]}}],"collection":[{"href":"https:\/\/www.stiftung-mensch-und-tier.ch\/fr\/wp-json\/wp\/v2\/pages"}],"about":[{"href":"https:\/\/www.stiftung-mensch-und-tier.ch\/fr\/wp-json\/wp\/v2\/types\/page"}],"author":[{"embeddable":true,"href":"https:\/\/www.stiftung-mensch-und-tier.ch\/fr\/wp-json\/wp\/v2\/users\/2"}],"replies":[{"embeddable":true,"href":"https:\/\/www.stiftung-mensch-und-tier.ch\/fr\/wp-json\/wp\/v2\/comments?post=2619"}],"version-history":[{"count":13,"href":"https:\/\/www.stiftung-mensch-und-tier.ch\/fr\/wp-json\/wp\/v2\/pages\/2619\/revisions"}],"predecessor-version":[{"id":2938,"href":"https:\/\/www.stiftung-mensch-und-tier.ch\/fr\/wp-json\/wp\/v2\/pages\/2619\/revisions\/2938"}],"wp:attachment":[{"href":"https:\/\/www.stiftung-mensch-und-tier.ch\/fr\/wp-json\/wp\/v2\/media?parent=2619"}],"curies":[{"name":"wp","href":"https:\/\/api.w.org\/{rel}","templated":true}]}}

<section class="block-8-bild-neben-text" style=" padding-top: rem; padding-bottom: 3rem;">
		<div class="container">
		<div class="flexRow">
			<div class="col-xs-12 col-sm-5  maToXS3 col-sm-offset-1 ">
				<h3>Nos expériences</h3>
<p>Nous aimerions partager ici, avec vous, des expériences passionnantes réalisées avec les animaux dans notre École éthique! Christine Rüedi, directrice de l’École éthique, décrit ici ces événements:</p>
<p><em>Je pense que nous connaissons encore très peu les animaux et nous avons une compréhension très limitée de leurs véritables caractéristiques et capacités. Cela s’applique également à moi-même, bien que je m’occupe activement des animaux depuis mon enfance, y compris professionnellement (élevage et dressage de chiens guides d’aveugles). Vous comprendrez ce que je veux dire par là, chère visiteuse, cher visiteur de cette page d’&#8217;accueil, à la lecture des reportages suivants, qui me passionnent et me font prendre conscience de mon ignorance.</em></p>
<p>&nbsp;</p>
			</div>
			<div class="col-xs-12 col-sm-5  order1xs">
								<img decoding="async" src="https://www.stiftung-mensch-und-tier.ch/wp-content/uploads/2022/11/Pig-im-Schlamm-quer-991x743.jpg" alt="">
			</div>
		</div>
	</div>
</section>


 
<section class="block-5-freier-text" style=" margin-top: 3rem; margin-bottom: 3rem;">
		<div class="container">
		<div class="row">
			<div class="col-xs-12 col-md-10 col-md-offset-1">
				<div class="textWrap">
					<h3>La souris et Piggi l’étalon mourant</h3>
<p>Quand je pense à Piggi et à la souris, je suis triste parce que le moment a été dramatique. Piggi, notre vétéran de 31 ans, gravement malade, était en train de mourir. Le vétérinaire lui avait fait une piqûre pour l’endormir. Nous nous sommes agenouillés à côté de Piggi pour l’accompagner dans ce moment difficile. Et puis, l’incroyable s’est produit: la souris qui partageait le box avec Piggi et mangeait dans sa mangeoire, est sortie de derrière la planche en bois de l’écurie et a couru entre Piggi et nous jusqu’&#8217;au ventre du gros animal mourant. Là, elle s’est dressée sur ses pattes arrière, le regardant et le reniflant avec excitation. Elle a dû se rendre compte qu’à ce moment-là, quelque chose d’extraordinaire arrivait à son compagnon d’écurie. La relation entre les deux animaux était apparemment si intense, que la souris a perçu la mort de Piggi dans sa cachette. Qu’elle ait complètement oublié sa grande timidité envers les humains montre à quel point son vécu était intense.</p>
				</div>
			</div>
		</div>
	</div>
</section>


<section class="block-8-bild-neben-text" style=" padding-top: 3rem; padding-bottom: 1rem;">
		<div class="container">
		<div class="flexRow">
			<div class="col-xs-12 col-sm-5 col-md-7 maToXS3 order2sm order2md">
				<h3>Petit Prince, l’ânon</h3>
<p>Notre âne Petit Prince, un poulain orphelin de mère, est arrivé chez nous à l’âge de 10 jours. À cette époque je dormais à l’École éthique – la nuit non plus, on ne laisse pas les animaux seuls. Pour que Petit Prince ne soit pas isolé dans son box pendant la période d’adaptation, j’ai passé la nuit avec lui. Mon premier acte du matin était de donner son lait spécial à l’&#8217;ânon. Petit Prince s’&#8217;est magnifiquement développé.</p>
<p>&nbsp;</p>
			</div>
			<div class="col-xs-12 col-sm-5 col-md-3 order1xs order1sm order1md col-sm-offset-1">
								<img decoding="async" src="https://www.stiftung-mensch-und-tier.ch/wp-content/uploads/2023/01/Pflege-Petit-991x744.jpg" alt="">
			</div>
		</div>
	</div>
</section>


 
<section class="block-5-freier-text" style=" margin-top: 1rem; margin-bottom: 3rem;">
		<div class="container">
		<div class="row">
			<div class="col-xs-12 col-md-10 col-md-offset-1">
				<div class="textWrap">
					<p>Au bout de quelques semaines, j’ai à nouveau dormi dans la maison. Et puis, il s’est passé quelque chose d’&#8217;étrange: je fais partie de ces gens qui «réfléchissent à deux fois» avant de se lever, c’est-à-dire que je ne me lève pas toujours d’un coup! Mais à chaque fois que je décidais de me lever et de m’asseoir dans mon lit, Petit Prince criait depuis son box d’une voix puissante! C’était fascinant de voir la façon dont il pouvait percevoir à distance, sans aucun signe ni odeur de ma part, ma décision de me lever et de lui apporter son lait. Il doit exister un mode de communication entre les animaux et les humains qui ont une relation intense, ne passant pas par les organes sensoriels habituels.</p>
<p>Ce phénomène (champs morphogénétiques) est actuellement étudié par le biologiste et biochimiste Rupert Sheldrake.</p>
				</div>
			</div>
		</div>
	</div>
</section>


 
<section class="block-5-freier-text" style=" margin-top: 3rem; margin-bottom: 3rem;">
		<div class="container">
		<div class="row">
			<div class="col-xs-12 col-md-10 col-md-offset-1">
				<div class="textWrap">
					<h3>L’étrange «sauvetage» d’une souris</h3>
<p>Voici une autre histoire véridique, celle d’une souris. Si je ne l’avais pas vécue moi-même, j’aurais eu du mal à y croire! À travers une grille de sol, j’&#8217;ai vu une souris dans la fosse devant la fenêtre du sous-sol. Il était évident que je devais la libérer, car elle ne survivrait pas. Munie d’&#8217;un seau et d’&#8217;un torchon, je me suis rendue au sous-sol. Mais la souris n’y était plus, elle avait pénétré dans la cave par le soupirail. Je restais là à réfléchir. Alors la souris est ressortie et, d’abord avec hésitation, puis résolument, s’est dirigée vers moi. Elle s’est approchée de ma chaussure et l’a intensément reniflée. J’ai pensé: si toi, souris, tu t’asseyais sur ma chaussure, je pourrais lever mon pied et te mettre dans le seau! Et j’ai encore du mal à y croire: c’est exactement ce que la souris a fait! Elle s’est assise sur ma chaussure et a commencé à se nettoyer. J’étais d’abord comme figée, puis j’ai essayé de la soulever pour la mettre dans le seau. Et ça a marché! J’ai pu ensuite libérer la souris. Cet événement me semble aujourd’hui encore irréel –- mais c’est la réalité!</p>
				</div>
			</div>
		</div>
	</div>
</section>


<section class="block-8-bild-neben-text" style=" padding-top: 3rem; padding-bottom: 0rem;">
		<div class="container">
		<div class="flexRow">
			<div class="col-xs-12 col-sm-5  maToXS3 col-sm-offset-1 ">
				<h3><em>Shalom</em> signifie la paix</h3>
<p>Une enseignante dévouée est venue dans notre École éthique avec une classe lucernoise pendant une semaine. Chaque enfant a eu à faire quotidiennement une tâche spécifique entre les cours. Les tâches ont été attribuées par tirage au sort. Une fillette a eu le devoir suivant: «L’École éthique possède une poule blanche qui est la seule à n’avoir pas de nom. Il s’agit, avec toute la classe, de se mettre d’accord sur un joli nom!»</p>
<p>Le dernier jour de classe est arrivé et donc le moment où la fillette devait s’acquitter de sa mission. Nous étions curieux. La fillette me donna un panneau en bois. Il était emballé dans du papier blanc, et plusieurs enveloppes étaient attachés à une ficelle. Il y avait à l’intérieur des dessins et un mot de remerciement pour la formidable semaine que nous avions passée ensemble.</p>
<p>&nbsp;</p>
			</div>
			<div class="col-xs-12 col-sm-5  order1xs">
								<img decoding="async" src="https://www.stiftung-mensch-und-tier.ch/wp-content/uploads/2022/10/Oscar-im-Stroh-liegend-2019-1024x768-1-991x743.webp" alt="">
			</div>
		</div>
	</div>
</section>


 
<section class="block-5-freier-text" style=" margin-top: 0rem; margin-bottom: rem;">
		<div class="container">
		<div class="row">
			<div class="col-xs-12 col-md-10 col-md-offset-1">
				<div class="textWrap">
					<p>Il était maintenant temps de déballer le panneau en bois. Puisqu’il s’agissait de la poule, j’ai proposé d’aller au poulailler. Prudemment, presque solennellement, les filles et les garçons se sont rendus sur place et nous avons formé un cercle. Toutes les poules sont restées devant le poulailler.</p>
<p>Et la voilà qui est venue! La jeune poule blanche comme neige, qui n’&#8217;avait pas encore de nom! Manifestement très contente d’elle-même, elle a traversé le cercle, se dirigeant droit vers le panneau. Elle a observé le déballage avec intérêt. Un moment incroyable – nous étions tous saisis par quelque chose d’impressionnant, d’inexplicable.</p>
<p>La poule a pris son temps et a continué à fixer le panneau. Et voilà, le nom: Shalom! Nous voulions tous nous attarder sur ce merveilleux moment! Les enfants avaient à nouveau inventé quelque chose de très joli. Puis ils ont chanté pour Shalom la chanson éponyme, doucement et solennellement.</p>
<p>Il a fallu ensuite se décider à retourner au «quotidien»! Les autres poules sont revenues – et Shalom a continué son chemin!</p>
<p>Les enfants ont justifié le choix de ce nom comme suit: la poule est blanche, et le blanc signifie paix. Et Shalom signifie la paix!</p>
				</div>
			</div>
		</div>
	</div>
</section>
