{"id":2655,"date":"2022-11-21T10:44:13","date_gmt":"2022-11-21T09:44:13","guid":{"rendered":"https:\/\/www.stiftung-mensch-und-tier.ch\/unterstuetzung\/"},"modified":"2023-12-08T14:30:55","modified_gmt":"2023-12-08T13:30:55","slug":"unterstuetzung","status":"publish","type":"page","link":"https:\/\/www.stiftung-mensch-und-tier.ch\/fr\/unterstuetzung\/","title":{"rendered":"Soutien"},"content":{"rendered":" \n<section class=\"block-5-freier-text\" style=\" margin-top: rem; margin-bottom: rem;\">\n\t\t<div class=\"container\">\n\t\t<div class=\"row\">\n\t\t\t<div class=\"col-xs-12 col-md-10 col-md-offset-1\">\n\t\t\t\t<div class=\"textWrap\">\n\t\t\t\t\t<p>L&#8217;exploitation de l&#8217;\u00e9cole d&#8217;\u00e9thique et de la ferme d&#8217;\u00e9thique est tr\u00e8s co\u00fbteuse financi\u00e8rement. C&#8217;est pourquoi la Fondation pour l&#8217;homme et l&#8217;animal, en tant qu&#8217;organisation responsable, est tributaire de l&#8217;aide publique. Une subvention n&#8217;est pas possible pour des raisons d&#8217;\u00e9conomie.<\/p>\n<p>Avec votre don, vous soutenez une \u00e9cole qui s&#8217;est donn\u00e9 pour mission d&#8217;\u00e9duquer le c\u0153ur des enfants. Le monde peut changer si nous le voulons, il peut devenir plus humain si nous l&#8217;enseignons aux enfants. Et tout le monde en profite. Ce qui est d\u00e9cisif, c&#8217;est que les enfants int\u00e8grent les hommes, les animaux et les plantes dans leur c\u0153ur ! Vous trouverez ici la charte de notre fondation.<\/p>\n<p>Votre don nous permet de financer la vie de nombreux animaux, qui sont les v\u00e9ritables &#8220;enseignants&#8221; de l&#8217;\u00e9cole d&#8217;\u00e9thique. Nous avons r\u00e9cup\u00e9r\u00e9 nos animaux dans des situations d&#8217;urgence. Ils \u00e9taient soit tr\u00e8s \u00e2g\u00e9s, soit ind\u00e9sirables pour d&#8217;autres raisons, avant de pouvoir assumer chez nous des t\u00e2ches si importantes dans l&#8217;encouragement des enfants. <strong>Les soins intensifs de ces animaux ne sont possibles que gr\u00e2ce \u00e0 votre soutien.<\/strong><\/p>\n<p>Sascha, \u00e2g\u00e9 de six ans, a mis le doigt sur le probl\u00e8me des animaux en posant sa main sur son c\u0153ur &#8211; \u00e0 l&#8217;occasion d&#8217;une visite au jardin d&#8217;enfants &#8211; et en disant : &#8220;Tu sais, dans mon c\u0153ur, c&#8217;est comme une grande \u00e9table, o\u00f9 tous les animaux du monde ont leur place&#8221; !<\/p>\n<h3>Un grand merci !<\/h3>\n<p><em>Les dons \u00e0 la fondation peuvent \u00eatre d\u00e9duits des imp\u00f4ts, la fondation est exon\u00e9r\u00e9e de l&#8217;imp\u00f4t sur les donations et les successions.<\/em><\/p>\n<h3>Venez nous rendre visite !<\/h3>\n<p><strong>Vous pouvez volontiers nous rendre visite sur rendez-vous.<\/strong><\/p>\n\t\t\t\t<\/div>\n\t\t\t<\/div>\n\t\t<\/div>\n\t<\/div>\n<\/section>\n","protected":false},"excerpt":{"rendered":"","protected":false},"author":2,"featured_media":0,"parent":0,"menu_order":0,"comment_status":"closed","ping_status":"closed","template":"","meta":{"_acf_changed":false,"inline_featured_image":false,"footnotes":""},"class_list":["post-2655","page","type-page","status-publish","hentry"],"acf":[],"_links":{"self":[{"href":"https:\/\/www.stiftung-mensch-und-tier.ch\/fr\/wp-json\/wp\/v2\/pages\/2655","targetHints":{"allow":["GET"]}}],"collection":[{"href":"https:\/\/www.stiftung-mensch-und-tier.ch\/fr\/wp-json\/wp\/v2\/pages"}],"about":[{"href":"https:\/\/www.stiftung-mensch-und-tier.ch\/fr\/wp-json\/wp\/v2\/types\/page"}],"author":[{"embeddable":true,"href":"https:\/\/www.stiftung-mensch-und-tier.ch\/fr\/wp-json\/wp\/v2\/users\/2"}],"replies":[{"embeddable":true,"href":"https:\/\/www.stiftung-mensch-und-tier.ch\/fr\/wp-json\/wp\/v2\/comments?post=2655"}],"version-history":[{"count":6,"href":"https:\/\/www.stiftung-mensch-und-tier.ch\/fr\/wp-json\/wp\/v2\/pages\/2655\/revisions"}],"predecessor-version":[{"id":3275,"href":"https:\/\/www.stiftung-mensch-und-tier.ch\/fr\/wp-json\/wp\/v2\/pages\/2655\/revisions\/3275"}],"wp:attachment":[{"href":"https:\/\/www.stiftung-mensch-und-tier.ch\/fr\/wp-json\/wp\/v2\/media?parent=2655"}],"curies":[{"name":"wp","href":"https:\/\/api.w.org\/{rel}","templated":true}]}}

<section class="block-5-freier-text" style=" margin-top: rem; margin-bottom: rem;">
		<div class="container">
		<div class="row">
			<div class="col-xs-12 col-md-10 col-md-offset-1">
				<div class="textWrap">
					<p>L&#8217;exploitation de l&#8217;école d&#8217;éthique et de la ferme d&#8217;éthique est très coûteuse financièrement. C&#8217;est pourquoi la Fondation pour l&#8217;homme et l&#8217;animal, en tant qu&#8217;organisation responsable, est tributaire de l&#8217;aide publique. Une subvention n&#8217;est pas possible pour des raisons d&#8217;économie.</p>
<p>Avec votre don, vous soutenez une école qui s&#8217;est donné pour mission d&#8217;éduquer le cœur des enfants. Le monde peut changer si nous le voulons, il peut devenir plus humain si nous l&#8217;enseignons aux enfants. Et tout le monde en profite. Ce qui est décisif, c&#8217;est que les enfants intègrent les hommes, les animaux et les plantes dans leur cœur ! Vous trouverez ici la charte de notre fondation.</p>
<p>Votre don nous permet de financer la vie de nombreux animaux, qui sont les véritables &#8220;enseignants&#8221; de l&#8217;école d&#8217;éthique. Nous avons récupéré nos animaux dans des situations d&#8217;urgence. Ils étaient soit très âgés, soit indésirables pour d&#8217;autres raisons, avant de pouvoir assumer chez nous des tâches si importantes dans l&#8217;encouragement des enfants. <strong>Les soins intensifs de ces animaux ne sont possibles que grâce à votre soutien.</strong></p>
<p>Sascha, âgé de six ans, a mis le doigt sur le problème des animaux en posant sa main sur son cœur &#8211; à l&#8217;occasion d&#8217;une visite au jardin d&#8217;enfants &#8211; et en disant : &#8220;Tu sais, dans mon cœur, c&#8217;est comme une grande étable, où tous les animaux du monde ont leur place&#8221; !</p>
<h3>Un grand merci !</h3>
<p><em>Les dons à la fondation peuvent être déduits des impôts, la fondation est exonérée de l&#8217;impôt sur les donations et les successions.</em></p>
<h3>Venez nous rendre visite !</h3>
<p><strong>Vous pouvez volontiers nous rendre visite sur rendez-vous.</strong></p>
				</div>
			</div>
		</div>
	</div>
</section>
